 -31 + 31. Calculate l(n).
-8
Let n(g) = -5*g**2 + 5. Let u(c) = -6*c**2 + 6. Let f(i) = -5*n(i) + 4*u(i). Let o be ((-9)/27)/(2/12). Calculate f(o).
3
Let k(h) = -2*h**2 + 3*h - 1. Let g be -2 + -2 + (-14)/(4 - 6). Give k(g).
-10
Let g(k) = -1. Let r(m) = -7*m**2 + m + 3. Let i(l) = -g(l) - r(l). Determine i(2).
24
Let v(f) = f**2 + 2. Let n be v(2). Let w(p) = n*p - 3 - 3*p**2 + 5*p**2 - p**2. Let j be 30/9*(-21)/14. What is w(j)?
-8
Let m(x) = -11*x**3 - x**2 - x. Suppose -2*q + l - 1 = q, 9 = q + 2*l. Let a = q + -2. Calculate m(a).
11
Let q(p) = -2*p**3 + p**2 + 3*p - 1. Let a be q(2). Let r be 3/a + (-40)/(-28). Let j(n) = -10*n**2 + n - 1. Determine j(r).
-10
Let n(z) = 4*z**2 + 9*z**2 - z - z - 16*z**2. Determine n(2).
-16
Let z(f) = -6*f**2 + 7*f + 4. Suppose 0 = y - 2*y - 6. Let h(a) = -5*a**2 + 7*a + 4. Let n(j) = y*z(j) + 7*h(j). Determine n(-3).
-8
Let z(r) = -r**3 - 2*r**2 - r - 1. Suppose 0 = -m - 2*m. Suppose -3*f + 2 - 5 = m. What is z(f)?
-1
Let b(s) = -s**3 - s**2 + s. Let w be 4/10 + (-8)/(-5). Determine b(w).
-10
Let g(h) = 2*h + 1. Let y(m) = 2*m**3 - m + 1. Let v be y(1). Let b be (2 + -3)*(-3 + v). Give g(b).
3
Let p = 2 - 3. Let z(l) = l**3 - 8*l**2 + 3. Let t be z(8). Let k(a) = 9*a - 3. Let m(f) = -5*f + 2. Let b(j) = t*k(j) + 5*m(j). Determine b(p).
-1
Let t(f) be the first derivative of 2*f**4 - f**3/3 + f**2/2 + 1. Let n be t(1). Let o = 3 - n. Let z(y) = y**3 + 5*y**2 + 6. Calculate z(o).
6
Let q be (-1)/5*40/8. Let m(a) = -7*a**3 + a**2 - 1. Determine m(q).
7
Let c(x) = -2*x - 1. Let h(a) = a**2 - 4*a - 7. Suppose m + 5 = -n + 3*n, 2*m - 2*n = 0. Let z be h(m). Calculate c(z).
3
Let v be -4 + (-5)/((-15)/6). Let x(o) be the second derivative of o**3/2 - 4*o. Give x(v).
-6
Let j(l) = -l**3 - 5*l**2 + 7*l - 3. Let x = 10 - 14. Let t be 6/(2*2/x). Give j(t).
-9
Suppose -4*p = -3*p + 4. Let n(f) = 5*f**3 - 20*f**2 - 14*f - 9. Let u(x) = 2*x**3 - 7*x**2 - 5*x - 3. Let g(b) = -3*n(b) + 8*u(b). Calculate g(p).
-5
Let c(y) be the second derivative of -5/2*y**2 - 1/20*y**5 - 1/3*y**3 + 0 + 5/12*y**4 + 4*y. Determine c(4).
3
Let a(h) = -h - 3. Let g be a(-4). Let y = 1 + g. Let o(i) = i + y*i**2 + 3*i + i + 2. Calculate o(-3).
5
Suppose 4*a + 4*d - d - 7 = 0, -a + 3*d = -13. Let g be 1*(a + -1) - 1. Let h(f) = -3*f**2 + 87 + 3*f**3 + f - 89 - 2*f**3. What is h(g)?
-4
Let y(l) = l - 6. Let x(j) = -2 + 4 - 2*j + 9. Let z(u) = 3*x(u) + 5*y(u). Determine z(3).
0
Let x(u) be the third derivative of -u**5/60 - u**4/24 + u**3/3 - 37*u**2. Let s = 3 + -4. Let q = s - -1. What is x(q)?
2
Let h(c) = -5*c**3 + 2*c**2 - 1. Let i be -1 - (-2)/4*4. What is h(i)?
-4
Suppose -3*r - 18 = -o, -4*r + 2*o + o - 24 = 0. Let c(v) = -v + 4. Determine c(r).
10
Let p(v) = -2 + 123*v**3 - 2*v + 4*v**2 - 124*v**3 + 3. What is p(3)?
4
Let s(t) = 3*t**2 - 1. Let c(n) = n**3 - n**2 + 2*n + 1. Let v be c(0). Determine s(v).
2
Let q(v) = -2*v**2 - 3*v + 0*v**2 + v**2 + 2*v + 1. Give q(3).
-11
Let b(i) = i**2 + 3*i - 2. Let d(p) = p**2 + 3*p - 2. Let j(k) = -2*b(k) + 3*d(k). Let o(h) be the first derivative of j(h). Determine o(-2).
-1
Suppose 2*d - 4*d = 0. Let v(p) = 5*p + 0*p**2 - 5 - p**2 - 4*p. What is v(d)?
-5
Let v(j) = j. Let w(a) = -6*a**2 - 12*a. Let f(c) = 5*v(c) + w(c). Let s(k) = 5*k**2 + 6*k. Suppose -3*r = -5 - 7. Let m(i) = r*s(i) + 3*f(i). Give m(-2).
2
Let g = 3 + -3. Suppose v + 0 - 1 = g. Let d(o) = -6*o**2 - 1. What is d(v)?
-7
Let b(y) = 1 - 6*y - 66*y**2 + 6 + 65*y**2. Calculate b(-6).
7
Let j(t) = 2*t - 1. Let f = 29 + -27. What is j(f)?
3
Let g(b) = -5*b**2 + 4*b + 5. Let i be g(-2). Let k = i + 19. Let c(y) = y + 4. What is c(k)?
0
Let w(c) = -3*c - 4. Let q(y) = -2*y - 3. Let t(u) = -4*q(u) + 3*w(u). Let f be (18 + -8)*1/2. Let n = f - 6. Give t(n).
1
Let x(l) = -l + 1. Suppose 5*a + 2*y - 8 = -y, 5*y = -3*a - 8. What is x(a)?
-3
Let k(c) = 5*c**3 - 21*c**2 + 16*c - 11. Let w(j) = -j**3 + 5*j**2 - 4*j + 3. Let x(n) = -2*k(n) - 9*w(n). Determine x(-4).
-5
Let y(p) = -p - 1. Let w(o) = -1. Let n(q) = 11*q - 1. Let c(l) = n(l) - 3*w(l). Let v(b) = -c(b) - 3*y(b). Calculate v(1).
-7
Let l(w) = 3*w - 23. Let n(z) = -2*z + 12. Let m(j) = 4*l(j) + 7*n(j). What is m(-7)?
6
Let r(x) = x + 10. Let v be r(-8). Let l(a) = a + 3 - a - a - v. Calculate l(5).
-4
Let j(t) = -7*t**2 - 12*t + 14. Let l(s) = s**2 + s - 1. Let v(q) = j(q) + 6*l(q). Determine v(-7).
1
Let k(r) = 11 - r - 20 + 11. Let z(a) = a**3 - 5*a**2 + 3*a + 2. Let y be z(4). Let u(j) = j**3 + 2*j**2 + 3*j + 2. Let s be u(y). Calculate k(s).
6
Suppose 0*r - 2*r = 0. Suppose -5*m = -2*b - 9, r*m + 12 = m + 3*b. Let q(u) = 2*u - 2. Give q(m).
4
Let q(m) = m**2 + 2*m. Let y be q(-3). Let c(f) = -3*f**3 + 2*f**2 - f. Let i(l) = 10*l**3 - 6*l**2 + 3*l + 1. Let n(t) = 7*c(t) + 2*i(t). Calculate n(y).
-10
Let p(u) = u**2 - 3*u + 7. Let d(g) = 3*g**2 - 8*g + 22. Let j = -4 + 11. Let v(z) = j*p(z) - 2*d(z). Give v(5).
5
Let p(v) = v**3 - v**2 - v - 1. Let u be -2*3*1*-1. Suppose 0 = 4*n - 2*k - 4, -k + 10 = 5*n - u*k. What is p(n)?
-1
Suppose 0 = 4*z - 14 - 2. Let n(b) be the second derivative of -1/6*b**3 + 0*b**2 - 1/20*b**5 + 0 - b + 0*b**z. What is n(1)?
-2
Let w(k) = k**3 + 2*k**2 + 2*k. Let x be -3 + 5 - -3 - 0. Suppose -4*b - 2 = 3*a, -2*b + 4*a - x - 7 = 0. Calculate w(b).
-4
Let t(p) = 4*p + 4*p + 1 - 6*p. Determine t(1).
3
Let i(r) = 5*r**2 - 21*r - 20. Let v(f) = -2*f**2 + 7*f + 7. Let t(x) = -3*i(x) - 8*v(x). Let m = -15 + 9. Determine t(m).
-2
Let u(g) = g**2 + 10*g + 5. Suppose 5 - 1 = -4*f, -2*l + 3*f = 15. Determine u(l).
-4
Let s(n) = n + 7. Suppose -6*q = -4*q. Determine s(q).
7
Suppose 99 = -14*j + 3*j. Let g(o) = -o - 10. Determine g(j).
-1
Suppose 0 = -5*n + s - 0 - 25, s = 4*n + 20. Let a be 36/(-10) - 3/n. Let f(i) = -3*i - 1. What is f(a)?
8
Let n = -13 - -13. Let a(r) = -r**2. What is a(n)?
0
Let a(g) be the first derivative of -g**2 - 5*g - 2. Determine a(6).
-17
Let i(x) be the second derivative of x**5/20 - x**4/2 + 7*x**3/6 - 3*x**2 + 4*x. What is i(5)?
4
Let c(m) = 7*m**2 + 107 - 58 - 55 + m**3. What is c(-7)?
-6
Let t(v) = 1 + 0 - 3 - 5*v - 1. What is t(-2)?
7
Let w(u) = u**2 - 4*u - 1. Let r(d) = 0*d - 6 + 2*d - d. Suppose 4*t - 20 = 16. Let s be r(t). Calculate w(s).
-4
Let n(x) = -2*x + 20. Let i be n(8). Let j(u) be the first derivative of -u**2/2 + 3*u + 1. Calculate j(i).
-1
Suppose -32 = 2*k - 6*k - 4*s, 0 = -4*k - 3*s + 32. Let v(g) = -g - 4. Give v(k).
-12
Let p = -89 - -85. Let u(d) = 6*d**3 - 10*d**2 + 6*d + 10. Let k(a) = -5*a**3 + 9*a**2 - 6*a - 9. Let s(b) = -7*k(b) - 6*u(b). Give s(p).
-5
Let i(u) = 2*u**2 - 2*u - 1. Let d be i(-2). Let z(c) = -5*c + d*c - 5*c. Determine z(2).
2
Let k(a) be the first derivative of a**4/4 - a**3 - 2*a**2 + 2*a + 2. Suppose 5*m - 43 = 3*c - 14, 0 = -m + 3*c + 13. Calculate k(m).
2
Let l = -11 + 15. Let v = -8 - -11. Let c(p) = -3*p**3 + 0*p**3 + 4*p**v - 4*p**2 - 2*p + 6. Give c(l).
-2
Let r(i) be the third derivative of -i**6/120 + i**5/20 - i**4/8 + 9*i**2. Give r(2).
-2
Let v(r) be the second derivative of -r**3/6 - r**2/2 + r. Let t = -9 - -14. Let l be v(t). Let m(n) = n**2 + 7*n + 4. Determine m(l).
-2
Suppose 0 = 5*c + 6 - 16. Let k(u) be the second derivative of 3/2*u**2 - u - 1/6*u**3 + 0. Calculate k(c).
1
Let a(t) = 2*t**2 - 2*t + 1. Suppose 15*h - 11*h = 8. What is a(h)?
5
Let s(k) = 2*k + 3. Suppose 4*r + 2 = -10. Let x be (-30)/(-9)*r/(-2). Suppose -23 = -j + x*h, 0 = -3*j - h - 2*h - 21. Determine s(j).
-1
Suppose -2*s = s. Suppose -5*r - 4*j + 24 = s, 3*r - 17 = -2*r + 3*j. Suppose -4*x + r = -4*n, -x + n + 1 = -4*n. Let i(k) = -9*k - 1. What is i(x)?
-10
Let l(f) = -f - 3. Suppose -4*d - j = -16, 3*j + j + 16 = 0. Calculate l(d).
-8
Suppose -3*x = -x - 0*x. Let s(f) = f**3 + f**2 - f - 15. Give s(x).
-15
Let s(v) = -v - 2. Let n(d) = d**3 - 7*d**2 + d - 3. Let z be n(7). Let l = -1 - z. What is s(l)?
3
Let a(c) = -c + 2. Let i = -6 + 9. Suppose -3*g + s + i*s + 40 = 0, 4*s + 16 = 0. Let h(y) = 3*y - 7. Let f(z) = g*a(z) + 3*h(z). What is f(3)?
-2
Let c(m) = m**3 - 4*m**2 + 3*m + 2. Let i be c(3). Let h(w) = -2*w**i + 0*w - 2*w**2 + 3*w**2 + w + 6 - w**3. Calculate h(0).
6
Let q(z) = z + 5. Let n be (-58)/14 - 3/(-21). Determine q(n).
1
Let m(u) = -u**3 + 7*u**2 + 8*u + 7. Suppose -5*a + 3